{"id":116,"date":"2020-05-19T10:23:45","date_gmt":"2020-05-19T08:23:45","guid":{"rendered":"https:\/\/plantilla.dfarma.co\/?page_id=116"},"modified":"2023-07-13T11:30:44","modified_gmt":"2023-07-13T09:30:44","slug":"lactokit","status":"publish","type":"page","link":"https:\/\/isomed.com\/colombia\/productos\/lactokit\/","title":{"rendered":"LACTOKIT"},"content":{"rendered":"<p><div class=\"fusion-fullwidth fullwidth-box fusion-builder-row-1 ficha-producto nonhundred-percent-fullwidth non-hundred-percent-height-scrolling\" style=\"background-color: rgba(255,255,255,0);background-position: center center;background-repeat: no-repeat;padding-top:0px;padding-right:0px;padding-bottom:0px;padding-left:0px;margin-bottom: 0px;margin-top: 0px;border-width: 0px 0px 0px 0px;border-color:#e2e2e2;border-style:solid;\" ><div class=\"fusion-builder-row fusion-row\"><div class=\"fusion-layout-column fusion_builder_column fusion-builder-column-0 fusion_builder_column_1_2 1_2 fusion-one-half fusion-column-first\" style=\"width:50%;width:calc(50% - ( ( 4% ) * 0.5 ) );margin-right: 4%;margin-top:0px;margin-bottom:20px;\"><div class=\"fusion-column-wrapper fusion-flex-column-wrapper-legacy\" style=\"background-position:left top;background-repeat:no-repeat;-webkit-background-size:cover;-moz-background-size:cover;-o-background-size:cover;background-size:cover;padding: 0px 0px 0px 0px;\"><span class=\" fusion-imageframe imageframe-none imageframe-1 hover-type-none\"><img fetchpriority=\"high\" fetchpriority=\"high\" decoding=\"async\" width=\"1296\" height=\"864\" title=\"ezgif.com-optimize (6)\" src=\"https:\/\/isomed.com\/colombia\/wp-content\/uploads\/2020\/07\/ezgif.com-optimize-6.gif\" class=\"img-responsive wp-image-405\"\/><\/span><div class=\"fusion-text fusion-text-1 info-adicional\"><p><a href=\"https:\/\/isomed.com\/colombia\/contacto\/\"><strong>M\u00e1s informaci\u00f3n<\/strong><\/a><\/p>\n<\/div><div class=\"fusion-clearfix\"><\/div><\/div><\/div><div class=\"fusion-layout-column fusion_builder_column fusion-builder-column-1 fusion_builder_column_1_2 1_2 fusion-one-half fusion-column-last text-description\" style=\"width:50%;width:calc(50% - ( ( 4% ) * 0.5 ) );margin-top:0px;margin-bottom:20px;\"><div class=\"fusion-column-wrapper fusion-flex-column-wrapper-legacy\" style=\"background-position:left top;background-repeat:no-repeat;-webkit-background-size:cover;-moz-background-size:cover;-o-background-size:cover;background-size:cover;padding: 0px 0px 0px 0px;\"><span class=\" fusion-imageframe imageframe-none imageframe-2 hover-type-none\"><img decoding=\"async\" width=\"1181\" height=\"404\" title=\"lactokit\" src=\"https:\/\/isomed.com\/colombia\/wp-content\/uploads\/2020\/07\/lactokit.jpg\" class=\"img-responsive wp-image-407\" srcset=\"https:\/\/isomed.com\/colombia\/wp-content\/uploads\/2020\/07\/lactokit-200x68.jpg 200w, https:\/\/isomed.com\/colombia\/wp-content\/uploads\/2020\/07\/lactokit-400x137.jpg 400w, https:\/\/isomed.com\/colombia\/wp-content\/uploads\/2020\/07\/lactokit-600x205.jpg 600w, https:\/\/isomed.com\/colombia\/wp-content\/uploads\/2020\/07\/lactokit-800x274.jpg 800w, https:\/\/isomed.com\/colombia\/wp-content\/uploads\/2020\/07\/lactokit.jpg 1181w\" sizes=\"(max-width: 1200px) 100vw, 600px\" \/><\/span><div class=\"fusion-text fusion-text-2\"><h3><span style=\"color: #004685;\">Test de aliento para el diagn\u00f3stico de la intolerancia a la lactosa<\/span><\/h3>\n<p><span style=\"color: #004685;\"><strong>Indicaci\u00f3n:<\/strong><\/span> LACTOKIT es un test de aliento indicado en adultos y ni\u00f1os mayores de 5 a\u00f1os con s\u00edntomas digestivos como flatulencias, meteorismo, diarrea, etc., asociados a la ingesta de alimentos o productos que contengan lactosa, principalmente l\u00e1cteos y derivados<em>. <\/em><\/p>\n<p><span style=\"color: #004685;\"><strong>Cada envase contiene:<\/strong><\/span><\/p>\n<ul>\n<li>1 sobre de lactosa monohidrato (25 g).<\/li>\n<li>8 tubos de vidrio: 1 para la recogida de muestra BASAL y 7 para la recogida de muestras POST.<\/li>\n<li>2 tubos flexibles.<\/li>\n<li>Etiquetas identificativas.<\/li>\n<li>Instrucciones de uso.<\/li>\n<\/ul>\n<p><strong>N\u00ba registro:<\/strong> INVIMA 2022DM-0026129<\/p>\n<\/div><div class=\"fusion-clearfix\"><\/div><\/div><\/div><\/div><\/div><div class=\"fusion-fullwidth fullwidth-box fusion-builder-row-2 protocolo nonhundred-percent-fullwidth non-hundred-percent-height-scrolling\" style=\"background-color: rgba(255,255,255,0);background-position: center center;background-repeat: no-repeat;padding-top:0px;padding-right:0px;padding-bottom:0px;padding-left:0px;margin-bottom: 0px;margin-top: 0px;border-width: 0px 0px 0px 0px;border-color:#e2e2e2;border-style:solid;\" ><div class=\"fusion-builder-row fusion-row\"><div class=\"fusion-layout-column fusion_builder_column fusion-builder-column-2 fusion_builder_column_1_1 1_1 fusion-one-full fusion-column-first fusion-column-last\" style=\"margin-top:0px;margin-bottom:20px;\"><div class=\"fusion-column-wrapper fusion-flex-column-wrapper-legacy\" style=\"background-position:left top;background-repeat:no-repeat;-webkit-background-size:cover;-moz-background-size:cover;-o-background-size:cover;background-size:cover;padding: 0px 0px 0px 0px;\"><div class=\"fusion-text fusion-text-3 ficha-producto-mas-info\"><h3 style=\"text-align: center;\">Protocolo de uso (Videotutorial)<\/h3>\n<\/div><div id=\"video_show\" style=\"display:block;text-align:center\"><img decoding=\"async\" src=\"https:\/\/isomed.com\/wp-content\/uploads\/2021\/04\/play_video.jpg\" width=\"720px\" height=\"300\"><\/div>\n<\/div>\n<div id=\"video_hide\" style=\"display:none;text-align:center\"><iframe src=\"https:\/\/www.youtube.com\/embed\/n5srJp5k6Qw\" width=\"720px\" height=\"300\" frameborder=\"0\" allowfullscreen=\"allowfullscreen\"><\/iframe><\/div>\n<\/div>\n<div style=\"text-align:center;font-size:18px;font-weight:bold\"><input type=\"checkbox\" id=\"cbox1\" value=\"first_checkbox\" onChange=\"showvideo()\"> Soy profesional de la salud y deseo acceder a la informaci\u00f3n contenida en esta p\u00e1gina<\/div>\n<br><br><br>\n<script>\nfunction showvideo() {\n  var x = document.getElementById(\"video_hide\");\n  var y = document.getElementById(\"video_show\");\n  if (x.style.display === \"none\") {\n    x.style.display = \"block\";\n    y.style.display = \"none\";\n  } else {\n    y.style.display = \"block\";\n    x.style.display = \"none\";\n  }\n} <\/script><div class=\"fusion-clearfix\"><\/div><\/div><\/div><\/div><\/div><div class=\"fusion-fullwidth fullwidth-box fusion-builder-row-3 related-products nonhundred-percent-fullwidth non-hundred-percent-height-scrolling\" style=\"background-color: rgba(255,255,255,0);background-position: center center;background-repeat: no-repeat;padding-top:0px;padding-right:0px;padding-bottom:0px;padding-left:0px;margin-bottom: 0px;margin-top: 0px;border-width: 0px 0px 0px 0px;border-color:#e2e2e2;border-style:solid;\" ><div class=\"fusion-builder-row fusion-row\"><\/div><\/div><\/p>\n","protected":false},"excerpt":{"rendered":"","protected":false},"author":7,"featured_media":0,"parent":112,"menu_order":0,"comment_status":"closed","ping_status":"closed","template":"","meta":{"footnotes":""},"class_list":["post-116","page","type-page","status-publish","hentry"],"_links":{"self":[{"href":"https:\/\/isomed.com\/colombia\/wp-json\/wp\/v2\/pages\/116","targetHints":{"allow":["GET"]}}],"collection":[{"href":"https:\/\/isomed.com\/colombia\/wp-json\/wp\/v2\/pages"}],"about":[{"href":"https:\/\/isomed.com\/colombia\/wp-json\/wp\/v2\/types\/page"}],"author":[{"embeddable":true,"href":"https:\/\/isomed.com\/colombia\/wp-json\/wp\/v2\/users\/7"}],"replies":[{"embeddable":true,"href":"https:\/\/isomed.com\/colombia\/wp-json\/wp\/v2\/comments?post=116"}],"version-history":[{"count":16,"href":"https:\/\/isomed.com\/colombia\/wp-json\/wp\/v2\/pages\/116\/revisions"}],"predecessor-version":[{"id":6135,"href":"https:\/\/isomed.com\/colombia\/wp-json\/wp\/v2\/pages\/116\/revisions\/6135"}],"up":[{"embeddable":true,"href":"https:\/\/isomed.com\/colombia\/wp-json\/wp\/v2\/pages\/112"}],"wp:attachment":[{"href":"https:\/\/isomed.com\/colombia\/wp-json\/wp\/v2\/media?parent=116"}],"curies":[{"name":"wp","href":"https:\/\/api.w.org\/{rel}","templated":true}]}}