{"id":1506,"date":"2021-05-05T10:11:10","date_gmt":"2021-05-05T08:11:10","guid":{"rendered":"https:\/\/plantilla.dfarma.co\/productos\/pack-intolerancias-copy\/"},"modified":"2021-05-06T13:44:15","modified_gmt":"2021-05-06T11:44:15","slug":"pack-intolerancias-y-sibo","status":"publish","type":"page","link":"https:\/\/isomed.com\/colombia\/productos\/pack-intolerancias-y-sibo\/","title":{"rendered":"Pack intolerancias y sobrecrecimiento bacteriano (SIBO)"},"content":{"rendered":"<p><div class=\"fusion-fullwidth fullwidth-box fusion-builder-row-1 ficha-producto nonhundred-percent-fullwidth non-hundred-percent-height-scrolling\" style=\"background-color: rgba(255,255,255,0);background-position: center center;background-repeat: no-repeat;padding-top:0px;padding-right:0px;padding-bottom:0px;padding-left:0px;margin-bottom: 0px;margin-top: 0px;border-width: 0px 0px 0px 0px;border-color:#e2e2e2;border-style:solid;\" ><div class=\"fusion-builder-row fusion-row\"><div class=\"fusion-layout-column fusion_builder_column fusion-builder-column-0 fusion_builder_column_1_2 1_2 fusion-one-half fusion-column-first\" style=\"width:50%;width:calc(50% - ( ( 4% ) * 0.5 ) );margin-right: 4%;margin-top:0px;margin-bottom:20px;\"><div class=\"fusion-column-wrapper fusion-flex-column-wrapper-legacy\" style=\"background-position:left top;background-repeat:no-repeat;-webkit-background-size:cover;-moz-background-size:cover;-o-background-size:cover;background-size:cover;padding: 0px 0px 0px 0px;\"><div class=\"imageframe-align-center\"><span class=\" fusion-imageframe imageframe-none imageframe-1 hover-type-none\"><img fetchpriority=\"high\" fetchpriority=\"high\" decoding=\"async\" width=\"300\" height=\"219\" title=\"Pack intolerancias y SIBO\" src=\"https:\/\/isomed.com\/colombia\/wp-content\/uploads\/2021\/05\/Pack-intolerancias-y-SIBO-300x219.png\" class=\"img-responsive wp-image-1499\"\/><\/span><\/div><div class=\"fusion-text fusion-text-1 info-adicional\"><p><strong>M\u00e1s informaci\u00f3n<\/strong><\/p>\n<ul>\n<li><a href=\"https:\/\/isomed.com\/colombia\/wp-content\/uploads\/2021\/05\/IU-SK-LK-FK.pdf\">Instrucciones de uso<\/a><\/li>\n<li><a href=\"https:\/\/isomed.com\/colombia\/wp-content\/uploads\/2021\/05\/Preparacion-prueba-SK-LK-FK.pdf\">Preparaci\u00f3n para la prueba<\/a><\/li>\n<\/ul>\n<\/div><div class=\"fusion-clearfix\"><\/div><\/div><\/div><div class=\"fusion-layout-column fusion_builder_column fusion-builder-column-1 fusion_builder_column_1_2 1_2 fusion-one-half fusion-column-last text-description\" style=\"width:50%;width:calc(50% - ( ( 4% ) * 0.5 ) );margin-top:0px;margin-bottom:20px;\"><div class=\"fusion-column-wrapper fusion-flex-column-wrapper-legacy\" style=\"background-position:left top;background-repeat:no-repeat;-webkit-background-size:cover;-moz-background-size:cover;-o-background-size:cover;background-size:cover;padding: 0px 0px 0px 0px;\"><div class=\"imageframe-align-center\"><span class=\" fusion-imageframe imageframe-none imageframe-2 hover-type-none\"><img decoding=\"async\" width=\"300\" height=\"280\" title=\"Logos pack intolerancias y SIBO\" src=\"https:\/\/isomed.com\/colombia\/wp-content\/uploads\/2021\/05\/Logos-pack-intolerancias-y-SIBO-300x280.png\" class=\"img-responsive wp-image-1502\" srcset=\"https:\/\/isomed.com\/colombia\/wp-content\/uploads\/2021\/05\/Logos-pack-intolerancias-y-SIBO-200x186.png 200w, https:\/\/isomed.com\/colombia\/wp-content\/uploads\/2021\/05\/Logos-pack-intolerancias-y-SIBO-400x373.png 400w, https:\/\/isomed.com\/colombia\/wp-content\/uploads\/2021\/05\/Logos-pack-intolerancias-y-SIBO-600x559.png 600w, https:\/\/isomed.com\/colombia\/wp-content\/uploads\/2021\/05\/Logos-pack-intolerancias-y-SIBO-800x745.png 800w, https:\/\/isomed.com\/colombia\/wp-content\/uploads\/2021\/05\/Logos-pack-intolerancias-y-SIBO.png 864w\" sizes=\"(max-width: 1200px) 100vw, 600px\" \/><\/span><\/div><div class=\"fusion-text fusion-text-2\"><h3><span style=\"color: #004687;\">Tests de aliento para el diagn\u00f3stico de las intolerancias a lactosa y fructosa, y sobrecrecimiento bacteriano (SIBO)<\/span><\/h3>\n<p><strong>Indicaci\u00f3n:<\/strong> LACTO-KIT y FRUCTO-KIT son tests de aliento indicados en adultos y ni\u00f1os mayores de 5 a\u00f1os con s\u00edntomas digestivos como flatulencias, meteorismo, diarrea, etc., asociados a la ingesta de alimentos que contengan lactosa y fructosa de forma natural, como l\u00e1cteos, frutas, verduras, hortalizas, miel; o productos procesados y bebidas en los que se a\u00f1aden como ingredientes<em>.<\/em> SIBO-KIT es un test de aliento indicado en adultos y ni\u00f1os mayores de 5 a\u00f1os con s\u00edntomas asociados al sobrecrecimiento bacteriano, como flatulencias, meteorismo, distensi\u00f3n y\/o dolor abdominal inespec\u00edficos.<\/p>\n<p><span style=\"color: #004687;\"><strong>\u00bfQu\u00e9 recibir\u00e1s? Tres kits completos, cada uno con:<\/strong><\/span><\/p>\n<ul>\n<li>1 sobre de lactitol monohidrato (10 g) \/ 1 sobre de lactosa monohidrato (25 g) \/ 1 sobre de fructosa cristalina granulada (25 g).<\/li>\n<li>12 \/ 8 tubos de vidrio: 1 para la recogida de muestra BASAL y el resto para la recogida de muestras POST.<\/li>\n<li>2 tubos flexibles.<\/li>\n<li>Etiquetas identificativas.<\/li>\n<li>Instrucciones de uso.<\/li>\n<\/ul>\n<p><span style=\"color: #004687;\"><strong>IMPORTANTE: <\/strong><\/span>Recuerda que debe transcurrir un m\u00ednimo de una semana entre la realizaci\u00f3n de dos pruebas.<\/p>\n<\/div><div class=\"fusion-button-wrapper\"><style type=\"text\/css\">.fusion-button.button-1 {border-radius:4px;}<\/style><a class=\"fusion-button button-flat fusion-button-default-size button-default button-1 fusion-button-default-span fusion-button-default-type single_add_to_cart_button button alt\" target=\"_self\" href=\"https:\/\/isomed.com\/colombia\/producto\/pack-intolerancias-y-sibo\/\"><span class=\"fusion-button-text\">Comprar<\/span><\/a><\/div><div class=\"fusion-clearfix\"><\/div><\/div><\/div><\/div><\/div><div class=\"fusion-fullwidth fullwidth-box fusion-builder-row-2 protocolo nonhundred-percent-fullwidth non-hundred-percent-height-scrolling\" style=\"background-color: rgba(255,255,255,0);background-position: center center;background-repeat: no-repeat;padding-top:0px;padding-right:0px;padding-bottom:0px;padding-left:0px;margin-bottom: 0px;margin-top: 0px;border-width: 0px 0px 0px 0px;border-color:#e2e2e2;border-style:solid;\" ><div class=\"fusion-builder-row fusion-row\"><div class=\"fusion-layout-column fusion_builder_column fusion-builder-column-2 fusion_builder_column_1_1 1_1 fusion-one-full fusion-column-first fusion-column-last\" style=\"margin-top:0px;margin-bottom:20px;\"><div class=\"fusion-column-wrapper fusion-flex-column-wrapper-legacy\" style=\"background-position:left top;background-repeat:no-repeat;-webkit-background-size:cover;-moz-background-size:cover;-o-background-size:cover;background-size:cover;padding: 0px 0px 0px 0px;\"><div class=\"fusion-text fusion-text-3 ficha-producto-mas-info\"><h3 style=\"text-align: center;\">Protocolo de uso (Videotutorial)<\/h3>\n<\/div><div id=\"video_show\" style=\"display:block;text-align:center\"><img decoding=\"async\" src=\"https:\/\/isomed.com\/wp-content\/uploads\/2021\/04\/play_video.jpg\" width=\"720px\" height=\"300\"><\/div>\n<\/div>\n<div id=\"video_hide\" style=\"display:none;text-align:center\"><iframe src=\"https:\/\/www.youtube.com\/embed\/n5srJp5k6Qw\" width=\"720px\" height=\"300\" frameborder=\"0\" allowfullscreen=\"allowfullscreen\"><\/iframe><\/div>\n<\/div>\n<div style=\"text-align:center;font-size:18px;font-weight:bold\"><input type=\"checkbox\" id=\"cbox1\" value=\"first_checkbox\" onChange=\"showvideo()\"> Soy profesional de la salud y deseo acceder a la informaci\u00f3n contenida en esta p\u00e1gina<\/div>\n<br><br><br>\n<script>\nfunction showvideo() {\n  var x = document.getElementById(\"video_hide\");\n  var y = document.getElementById(\"video_show\");\n  if (x.style.display === \"none\") {\n    x.style.display = \"block\";\n    y.style.display = \"none\";\n  } else {\n    y.style.display = \"block\";\n    x.style.display = \"none\";\n  }\n} <\/script><div class=\"fusion-clearfix\"><\/div><\/div><\/div><\/div><\/div><div class=\"fusion-fullwidth fullwidth-box fusion-builder-row-3 related-products nonhundred-percent-fullwidth non-hundred-percent-height-scrolling\" style=\"background-color: rgba(255,255,255,0);background-position: center center;background-repeat: no-repeat;padding-top:0px;padding-right:0px;padding-bottom:0px;padding-left:0px;margin-bottom: 0px;margin-top: 0px;border-width: 0px 0px 0px 0px;border-color:#e2e2e2;border-style:solid;\" ><div class=\"fusion-builder-row fusion-row\"><div class=\"fusion-layout-column fusion_builder_column fusion-builder-column-3 fusion_builder_column_1_1 1_1 fusion-one-full fusion-column-first fusion-column-last\" style=\"margin-top:0px;margin-bottom:20px;\"><div class=\"fusion-column-wrapper fusion-flex-column-wrapper-legacy\" style=\"background-position:left top;background-repeat:no-repeat;-webkit-background-size:cover;-moz-background-size:cover;-o-background-size:cover;background-size:cover;padding: 0px 0px 0px 0px;\"><div class=\"fusion-text fusion-text-4 ficha-producto-mas-info\"><h3 style=\"text-align: center;\">Productos relacionados<\/h3>\n<\/div><div class=\"fusion-builder-row fusion-builder-row-inner fusion-row\"><div class=\"fusion-layout-column fusion_builder_column_inner fusion-builder-nested-column-0 fusion_builder_column_inner_1_3 1_3 fusion-one-third fusion-column-first product-card fusion-column-inner-bg-wrapper\" style=\"width:33.333333333333%;width:calc(33.333333333333% - ( ( 4% + 4% ) * 0.33333333333333 ) );margin-right: 4%;margin-top:0px;margin-bottom:20px;\"><div class=\"fusion-column-wrapper fusion-flex-column-wrapper-legacy\" style=\"padding: 0px 0px 0px 0px;\"><span class=\" fusion-imageframe imageframe-none imageframe-3 hover-type-none\"><img decoding=\"async\" width=\"300\" height=\"212\" title=\"Sibokit_AD\" src=\"https:\/\/isomed.com\/colombia\/wp-content\/uploads\/2021\/01\/Sibokit_AD-300x212.jpg\" class=\"img-responsive wp-image-1227\" srcset=\"https:\/\/isomed.com\/colombia\/wp-content\/uploads\/2021\/01\/Sibokit_AD-200x141.jpg 200w, https:\/\/isomed.com\/colombia\/wp-content\/uploads\/2021\/01\/Sibokit_AD-400x283.jpg 400w, https:\/\/isomed.com\/colombia\/wp-content\/uploads\/2021\/01\/Sibokit_AD-600x424.jpg 600w, https:\/\/isomed.com\/colombia\/wp-content\/uploads\/2021\/01\/Sibokit_AD-800x566.jpg 800w, https:\/\/isomed.com\/colombia\/wp-content\/uploads\/2021\/01\/Sibokit_AD.jpg 1014w\" sizes=\"(max-width: 1200px) 100vw, 400px\" \/><\/span><div class=\"fusion-text fusion-text-5\"><p>SIBO-KIT<\/p>\n<p>Test de aliento para el diagn\u00f3stico del sobrecrecimiento bacteriano<\/p>\n<\/div><div class=\"fusion-clearfix\"><\/div><\/div><span class=\"fusion-column-inner-bg hover-type-none\"><a href=\"https:\/\/isomed.com\/colombia\/productos\/sibokit\/\"><span class=\"fusion-column-inner-bg-image\" style=\"background-position:left top;background-repeat:no-repeat;-webkit-background-size:cover;-moz-background-size:cover;-o-background-size:cover;background-size:cover;\"><\/span><\/a><\/span><\/div><div class=\"fusion-layout-column fusion_builder_column_inner fusion-builder-nested-column-1 fusion_builder_column_inner_1_3 1_3 fusion-one-third product-card fusion-column-inner-bg-wrapper\" style=\"width:33.333333333333%;width:calc(33.333333333333% - ( ( 4% + 4% ) * 0.33333333333333 ) );margin-right: 4%;margin-top:0px;margin-bottom:20px;\"><div class=\"fusion-column-wrapper fusion-flex-column-wrapper-legacy\" style=\"padding: 0px 0px 0px 0px;\"><div class=\"imageframe-align-center\"><span class=\" fusion-imageframe imageframe-none imageframe-4 hover-type-none\"><img loading=\"lazy\" loading=\"lazy\" decoding=\"async\" width=\"300\" height=\"212\" title=\"fructokit_vf_fructosa copia\" src=\"https:\/\/isomed.com\/colombia\/wp-content\/uploads\/2020\/07\/fructokit_vf_fructosa-copia-300x212.png\" class=\"img-responsive wp-image-226\" srcset=\"https:\/\/isomed.com\/colombia\/wp-content\/uploads\/2020\/07\/fructokit_vf_fructosa-copia-200x141.png 200w, https:\/\/isomed.com\/colombia\/wp-content\/uploads\/2020\/07\/fructokit_vf_fructosa-copia-400x283.png 400w, https:\/\/isomed.com\/colombia\/wp-content\/uploads\/2020\/07\/fructokit_vf_fructosa-copia-600x424.png 600w, https:\/\/isomed.com\/colombia\/wp-content\/uploads\/2020\/07\/fructokit_vf_fructosa-copia-800x566.png 800w, https:\/\/isomed.com\/colombia\/wp-content\/uploads\/2020\/07\/fructokit_vf_fructosa-copia-1200x848.png 1200w, https:\/\/isomed.com\/colombia\/wp-content\/uploads\/2020\/07\/fructokit_vf_fructosa-copia.png 1280w\" sizes=\"auto, (max-width: 1200px) 100vw, 400px\" \/><\/span><\/div><div class=\"fusion-text fusion-text-6\"><p>FRUCTO-KIT<\/p>\n<p>Test de aliento para el diagn\u00f3stico de la intolerancia a fructosa<\/p>\n<\/div><div class=\"fusion-clearfix\"><\/div><\/div><span class=\"fusion-column-inner-bg hover-type-none\"><a href=\"https:\/\/isomed.com\/colombia\/productos\/fructokit\/\"><span class=\"fusion-column-inner-bg-image\" style=\"background-position:left top;background-repeat:no-repeat;-webkit-background-size:cover;-moz-background-size:cover;-o-background-size:cover;background-size:cover;\"><\/span><\/a><\/span><\/div><div class=\"fusion-layout-column fusion_builder_column_inner fusion-builder-nested-column-2 fusion_builder_column_inner_1_3 1_3 fusion-one-third fusion-column-last product-card fusion-column-inner-bg-wrapper\" style=\"width:33.333333333333%;width:calc(33.333333333333% - ( ( 4% + 4% ) * 0.33333333333333 ) );margin-top:0px;margin-bottom:20px;\"><div class=\"fusion-column-wrapper fusion-flex-column-wrapper-legacy\" style=\"padding: 0px 0px 0px 0px;\"><span class=\" fusion-imageframe imageframe-none imageframe-5 hover-type-none\"><img loading=\"lazy\" loading=\"lazy\" decoding=\"async\" width=\"1280\" height=\"905\" title=\"lactokit_vf_lactosa copia\" src=\"https:\/\/isomed.com\/colombia\/wp-content\/uploads\/2020\/07\/lactokit_vf_lactosa-copia.png\" class=\"img-responsive wp-image-224\" srcset=\"https:\/\/isomed.com\/colombia\/wp-content\/uploads\/2020\/07\/lactokit_vf_lactosa-copia-200x141.png 200w, https:\/\/isomed.com\/colombia\/wp-content\/uploads\/2020\/07\/lactokit_vf_lactosa-copia-400x283.png 400w, https:\/\/isomed.com\/colombia\/wp-content\/uploads\/2020\/07\/lactokit_vf_lactosa-copia-600x424.png 600w, https:\/\/isomed.com\/colombia\/wp-content\/uploads\/2020\/07\/lactokit_vf_lactosa-copia-800x566.png 800w, https:\/\/isomed.com\/colombia\/wp-content\/uploads\/2020\/07\/lactokit_vf_lactosa-copia-1200x848.png 1200w, https:\/\/isomed.com\/colombia\/wp-content\/uploads\/2020\/07\/lactokit_vf_lactosa-copia.png 1280w\" sizes=\"auto, (max-width: 1200px) 100vw, 400px\" \/><\/span><div class=\"fusion-text fusion-text-7\"><p>LACTO-KIT<\/p>\n<p>Test de aliento para el diagn\u00f3stico de la intolerancia a la lactosa<\/p>\n<\/div><div class=\"fusion-clearfix\"><\/div><\/div><span class=\"fusion-column-inner-bg hover-type-none\"><a href=\"https:\/\/isomed.com\/colombia\/productos\/lactokit\/\"><span class=\"fusion-column-inner-bg-image\" style=\"background-position:left top;background-repeat:no-repeat;-webkit-background-size:cover;-moz-background-size:cover;-o-background-size:cover;background-size:cover;\"><\/span><\/a><\/span><\/div><\/div><div class=\"fusion-clearfix\"><\/div><\/div><\/div><\/div><\/div><\/p>\n","protected":false},"excerpt":{"rendered":"","protected":false},"author":7,"featured_media":0,"parent":112,"menu_order":0,"comment_status":"closed","ping_status":"closed","template":"","meta":{"footnotes":""},"class_list":["post-1506","page","type-page","status-publish","hentry"],"_links":{"self":[{"href":"https:\/\/isomed.com\/colombia\/wp-json\/wp\/v2\/pages\/1506","targetHints":{"allow":["GET"]}}],"collection":[{"href":"https:\/\/isomed.com\/colombia\/wp-json\/wp\/v2\/pages"}],"about":[{"href":"https:\/\/isomed.com\/colombia\/wp-json\/wp\/v2\/types\/page"}],"author":[{"embeddable":true,"href":"https:\/\/isomed.com\/colombia\/wp-json\/wp\/v2\/users\/7"}],"replies":[{"embeddable":true,"href":"https:\/\/isomed.com\/colombia\/wp-json\/wp\/v2\/comments?post=1506"}],"version-history":[{"count":14,"href":"https:\/\/isomed.com\/colombia\/wp-json\/wp\/v2\/pages\/1506\/revisions"}],"predecessor-version":[{"id":1603,"href":"https:\/\/isomed.com\/colombia\/wp-json\/wp\/v2\/pages\/1506\/revisions\/1603"}],"up":[{"embeddable":true,"href":"https:\/\/isomed.com\/colombia\/wp-json\/wp\/v2\/pages\/112"}],"wp:attachment":[{"href":"https:\/\/isomed.com\/colombia\/wp-json\/wp\/v2\/media?parent=1506"}],"curies":[{"name":"wp","href":"https:\/\/api.w.org\/{rel}","templated":true}]}}