{"id":114,"date":"2020-05-19T10:23:20","date_gmt":"2020-05-19T08:23:20","guid":{"rendered":"https:\/\/plantilla.isomed.pe\/?page_id=114"},"modified":"2023-07-14T12:12:16","modified_gmt":"2023-07-14T10:12:16","slug":"taukit","status":"publish","type":"page","link":"https:\/\/isomed.com\/peru\/productos\/taukit\/","title":{"rendered":"TAU-KIT"},"content":{"rendered":"<div class=\"fusion-fullwidth fullwidth-box fusion-builder-row-1 ficha-producto nonhundred-percent-fullwidth non-hundred-percent-height-scrolling\" style=\"background-color: rgba(255,255,255,0);background-position: center center;background-repeat: no-repeat;padding-top:0px;padding-right:0px;padding-bottom:0px;padding-left:0px;margin-bottom: 0px;margin-top: 0px;border-width: 0px 0px 0px 0px;border-color:#e2e2e2;border-style:solid;\" ><div class=\"fusion-builder-row fusion-row\"><div class=\"fusion-layout-column fusion_builder_column fusion-builder-column-0 fusion_builder_column_1_2 1_2 fusion-one-half fusion-column-first\" style=\"width:50%;width:calc(50% - ( ( 4% ) * 0.5 ) );margin-right: 4%;margin-top:0px;margin-bottom:20px;\"><div class=\"fusion-column-wrapper fusion-flex-column-wrapper-legacy\" style=\"background-position:left top;background-repeat:no-repeat;-webkit-background-size:cover;-moz-background-size:cover;-o-background-size:cover;background-size:cover;padding: 0px 0px 0px 0px;\"><span class=\" fusion-imageframe imageframe-none imageframe-1 hover-type-none\"><img fetchpriority=\"high\" fetchpriority=\"high\" decoding=\"async\" width=\"1024\" height=\"683\" title=\"taukit-compressed\" src=\"https:\/\/isomed.com\/peru\/wp-content\/uploads\/2020\/07\/taukit-compressed-1024x683.gif\" class=\"img-responsive wp-image-384\" srcset=\"https:\/\/isomed.com\/peru\/wp-content\/uploads\/2020\/07\/taukit-compressed-200x133.gif 200w, https:\/\/isomed.com\/peru\/wp-content\/uploads\/2020\/07\/taukit-compressed-400x267.gif 400w, https:\/\/isomed.com\/peru\/wp-content\/uploads\/2020\/07\/taukit-compressed-600x400.gif 600w, https:\/\/isomed.com\/peru\/wp-content\/uploads\/2020\/07\/taukit-compressed-800x533.gif 800w, https:\/\/isomed.com\/peru\/wp-content\/uploads\/2020\/07\/taukit-compressed-1200x800.gif 1200w\" sizes=\"(max-width: 1200px) 100vw, 600px\" \/><\/span><style type=\"text\/css\">.fusion-accordian  #accordion-114-1 .panel-title a .fa-fusion-box{ color: #ffffff;}.fusion-accordian  #accordion-114-1 .panel-title a .fa-fusion-box:before{ font-size: 16px; width: 16px;}.fusion-accordian  #accordion-114-1 .fa-fusion-box { background-color: #212934;border-color: #212934;}.fusion-accordian  #accordion-114-1 .panel-title a:hover, #accordion-114-1 .fusion-toggle-boxed-mode:hover .panel-title a { color: #3ab5e8;}.fusion-accordian  #accordion-114-1 .panel-title .active .fa-fusion-box,.fusion-accordian  #accordion-114-1 .panel-title a:hover .fa-fusion-box { background-color: #3ab5e8!important;border-color: #3ab5e8!important;}<\/style><div class=\"accordian fusion-accordian info-adicional\"><div class=\"panel-group\" id=\"accordion-114-1\"><div class=\"fusion-panel panel-default\"><div class=\"panel-heading\"><h4 class=\"panel-title toggle\"><a aria-expanded=\"false\" aria-controls=\"9e89f2393a25bfc82\" role=\"button\" data-toggle=\"collapse\" data-parent=\"#accordion-114-1\" data-target=\"#9e89f2393a25bfc82\" href=\"#9e89f2393a25bfc82\"><span class=\"fusion-toggle-icon-wrapper\" aria-hidden=\"true\"><i class=\"fa-fusion-box\" aria-hidden=\"true\"><\/i><\/span><span class=\"fusion-toggle-heading\">M\u00e1s informaci\u00f3n<\/span><\/a><\/h4><\/div><div id=\"9e89f2393a25bfc82\" class=\"panel-collapse collapse \"><div class=\"panel-body toggle-content fusion-clearfix\">\n<p><a href=\"https:\/\/isomed.com\/peru\/contacto\/\"><strong>M\u00e1s informaci\u00f3n<\/strong><\/a><\/p>\n<\/div><\/div><\/div><div class=\"fusion-panel panel-default\"><div class=\"panel-heading\"><h4 class=\"panel-title toggle\"><a aria-expanded=\"false\" aria-controls=\"9186bdcd726042d8d\" role=\"button\" data-toggle=\"collapse\" data-parent=\"#accordion-114-1\" data-target=\"#9186bdcd726042d8d\" href=\"#9186bdcd726042d8d\"><span class=\"fusion-toggle-icon-wrapper\" aria-hidden=\"true\"><i class=\"fa-fusion-box\" aria-hidden=\"true\"><\/i><\/span><span class=\"fusion-toggle-heading\">V\u00eddeo - protocolo<\/span><\/a><\/h4><\/div><div id=\"9186bdcd726042d8d\" class=\"panel-collapse collapse \"><div class=\"panel-body toggle-content fusion-clearfix\"><iframe src=\"https:\/\/www.youtube.com\/embed\/LIlUHsi7H50\" width=\"100%\" height=\"400px\" frameborder=\"0\" allowfullscreen=\"allowfullscreen\"><\/iframe><\/div><\/div><\/div><\/div><\/div><div class=\"fusion-clearfix\"><\/div><\/div><\/div><div class=\"fusion-layout-column fusion_builder_column fusion-builder-column-1 fusion_builder_column_1_2 1_2 fusion-one-half fusion-column-last text-description\" style=\"width:50%;width:calc(50% - ( ( 4% ) * 0.5 ) );margin-top:0px;margin-bottom:20px;\"><div class=\"fusion-column-wrapper fusion-flex-column-wrapper-legacy\" style=\"background-position:left top;background-repeat:no-repeat;-webkit-background-size:cover;-moz-background-size:cover;-o-background-size:cover;background-size:cover;padding: 0px 0px 0px 0px;\"><span class=\" fusion-imageframe imageframe-none imageframe-2 hover-type-none\"><img decoding=\"async\" width=\"300\" height=\"127\" title=\"Logo TK\" src=\"https:\/\/isomed.com\/peru\/wp-content\/uploads\/2020\/07\/Logo-TK-300x127.jpeg\" class=\"img-responsive wp-image-385\" srcset=\"https:\/\/isomed.com\/peru\/wp-content\/uploads\/2020\/07\/Logo-TK-200x85.jpeg 200w, https:\/\/isomed.com\/peru\/wp-content\/uploads\/2020\/07\/Logo-TK-400x169.jpeg 400w, https:\/\/isomed.com\/peru\/wp-content\/uploads\/2020\/07\/Logo-TK-600x254.jpeg 600w, https:\/\/isomed.com\/peru\/wp-content\/uploads\/2020\/07\/Logo-TK-800x339.jpeg 800w, https:\/\/isomed.com\/peru\/wp-content\/uploads\/2020\/07\/Logo-TK-1200x508.jpeg 1200w\" sizes=\"(max-width: 1200px) 100vw, 600px\" \/><\/span><div class=\"fusion-text fusion-text-1\"><h3><em>100 mg comprimidos solubles<\/em><\/h3>\n<p><strong>Principio activo: <\/strong>100 mg de <sup>13<\/sup>C-urea.<\/p>\n<p><strong>Indicaci\u00f3n:<\/strong> TAU-KIT es un test de aliento indicado en adultos y ni\u00f1os mayores de 5 a\u00f1os para el diagn\u00f3stico de la infecci\u00f3n gastroduodenal por <em>Helicobacter pylori. <\/em><\/p>\n<p><strong>Cada producto contiene<\/strong><\/p>\n<ul>\n<li>1 comprimido soluble de 100 mg de <sup>13<\/sup>C-urea.<\/li>\n<li>1 sobre de Citral pylori\u00ae (\u00e1cido c\u00edtrico anhidro).<\/li>\n<li>4 tubos de vidrio: 2 para la recogida de muestra BASAL y 2 para la recogida de muestra POST.<\/li>\n<li>2 tubos flexibles.<\/li>\n<li>Etiquetas identificativas.<\/li>\n<\/ul>\n<p><strong>N\u00ba de registro:<\/strong> DM-DIV 1269-E<\/p>\n<\/div><div class=\"fusion-clearfix\"><\/div><\/div><\/div><\/div><\/div>\n","protected":false},"excerpt":{"rendered":"","protected":false},"author":7,"featured_media":0,"parent":112,"menu_order":0,"comment_status":"closed","ping_status":"closed","template":"","meta":{"footnotes":""},"class_list":["post-114","page","type-page","status-publish","hentry"],"_links":{"self":[{"href":"https:\/\/isomed.com\/peru\/wp-json\/wp\/v2\/pages\/114","targetHints":{"allow":["GET"]}}],"collection":[{"href":"https:\/\/isomed.com\/peru\/wp-json\/wp\/v2\/pages"}],"about":[{"href":"https:\/\/isomed.com\/peru\/wp-json\/wp\/v2\/types\/page"}],"author":[{"embeddable":true,"href":"https:\/\/isomed.com\/peru\/wp-json\/wp\/v2\/users\/7"}],"replies":[{"embeddable":true,"href":"https:\/\/isomed.com\/peru\/wp-json\/wp\/v2\/comments?post=114"}],"version-history":[{"count":1,"href":"https:\/\/isomed.com\/peru\/wp-json\/wp\/v2\/pages\/114\/revisions"}],"predecessor-version":[{"id":6152,"href":"https:\/\/isomed.com\/peru\/wp-json\/wp\/v2\/pages\/114\/revisions\/6152"}],"up":[{"embeddable":true,"href":"https:\/\/isomed.com\/peru\/wp-json\/wp\/v2\/pages\/112"}],"wp:attachment":[{"href":"https:\/\/isomed.com\/peru\/wp-json\/wp\/v2\/media?parent=114"}],"curies":[{"name":"wp","href":"https:\/\/api.w.org\/{rel}","templated":true}]}}