{"id":1223,"date":"2021-01-12T10:34:13","date_gmt":"2021-01-12T09:34:13","guid":{"rendered":"https:\/\/plantilla.isomed.pe\/ihealth\/gastrokit-copy\/"},"modified":"2024-03-18T00:32:45","modified_gmt":"2024-03-17T23:32:45","slug":"sibokit","status":"publish","type":"page","link":"https:\/\/isomed.com\/peru\/productos\/sibokit\/","title":{"rendered":"SIBOKIT"},"content":{"rendered":"<p><div class=\"fusion-fullwidth fullwidth-box fusion-builder-row-1 ficha-producto nonhundred-percent-fullwidth non-hundred-percent-height-scrolling\" style=\"background-color: rgba(255,255,255,0);background-position: center center;background-repeat: no-repeat;padding-top:0px;padding-right:0px;padding-bottom:0px;padding-left:0px;margin-bottom: 0px;margin-top: 0px;border-width: 0px 0px 0px 0px;border-color:#e2e2e2;border-style:solid;\" ><div class=\"fusion-builder-row fusion-row\"><div class=\"fusion-layout-column fusion_builder_column fusion-builder-column-0 fusion_builder_column_1_2 1_2 fusion-one-half fusion-column-first\" style=\"width:50%;width:calc(50% - ( ( 4% ) * 0.5 ) );margin-right: 4%;margin-top:0px;margin-bottom:20px;\"><div class=\"fusion-column-wrapper fusion-flex-column-wrapper-legacy\" style=\"background-position:left top;background-repeat:no-repeat;-webkit-background-size:cover;-moz-background-size:cover;-o-background-size:cover;background-size:cover;padding: 0px 0px 0px 0px;\"><div class=\"imageframe-align-center\"><span class=\" fusion-imageframe imageframe-none imageframe-1 hover-type-none\"><img fetchpriority=\"high\" fetchpriority=\"high\" decoding=\"async\" width=\"1024\" height=\"724\" title=\"sibokit maqueta 100621\" src=\"https:\/\/isomed.com\/peru\/wp-content\/uploads\/2021\/06\/sibokit-maqueta-100621-1024x724.png\" class=\"img-responsive wp-image-1916\" srcset=\"https:\/\/isomed.com\/peru\/wp-content\/uploads\/2021\/06\/sibokit-maqueta-100621-200x141.png 200w, https:\/\/isomed.com\/peru\/wp-content\/uploads\/2021\/06\/sibokit-maqueta-100621-400x283.png 400w, https:\/\/isomed.com\/peru\/wp-content\/uploads\/2021\/06\/sibokit-maqueta-100621-600x424.png 600w, https:\/\/isomed.com\/peru\/wp-content\/uploads\/2021\/06\/sibokit-maqueta-100621-800x566.png 800w, https:\/\/isomed.com\/peru\/wp-content\/uploads\/2021\/06\/sibokit-maqueta-100621-1200x849.png 1200w\" sizes=\"(max-width: 1200px) 100vw, 600px\" \/><\/span><\/div><div class=\"fusion-text fusion-text-1 info-adicional\"><p><a href=\"https:\/\/isomed.com\/peru\/contacto\/\"><strong>M\u00e1s informaci\u00f3n<\/strong><\/a><\/p>\n<\/div><div class=\"fusion-clearfix\"><\/div><\/div><\/div><div class=\"fusion-layout-column fusion_builder_column fusion-builder-column-1 fusion_builder_column_1_2 1_2 fusion-one-half fusion-column-last text-description\" style=\"width:50%;width:calc(50% - ( ( 4% ) * 0.5 ) );margin-top:0px;margin-bottom:20px;\"><div class=\"fusion-column-wrapper fusion-flex-column-wrapper-legacy\" style=\"background-position:left top;background-repeat:no-repeat;-webkit-background-size:cover;-moz-background-size:cover;-o-background-size:cover;background-size:cover;padding: 0px 0px 0px 0px;\"><span class=\" fusion-imageframe imageframe-none imageframe-2 hover-type-none\"><img decoding=\"async\" width=\"300\" height=\"102\" title=\"SIBO-KIT\" src=\"https:\/\/isomed.com\/peru\/wp-content\/uploads\/2021\/01\/SIBO-KIT-300x102.jpg\" class=\"img-responsive wp-image-1226\" srcset=\"https:\/\/isomed.com\/peru\/wp-content\/uploads\/2021\/01\/SIBO-KIT-200x68.jpg 200w, https:\/\/isomed.com\/peru\/wp-content\/uploads\/2021\/01\/SIBO-KIT-400x136.jpg 400w, https:\/\/isomed.com\/peru\/wp-content\/uploads\/2021\/01\/SIBO-KIT-600x205.jpg 600w, https:\/\/isomed.com\/peru\/wp-content\/uploads\/2021\/01\/SIBO-KIT.jpg 742w\" sizes=\"(max-width: 1200px) 100vw, 600px\" \/><\/span><div class=\"fusion-text fusion-text-2\"><h3><span style=\"color: #004687;\">Test de aliento para el diagn\u00f3stico de sobrecrecimiento bacteriano<\/span><\/h3>\n<p><span style=\"color: #004687;\"><strong>Indicaci\u00f3n:<\/strong><\/span> SIBOKIT es un test de aliento indicado en adultos y ni\u00f1os mayores de 5 a\u00f1os con s\u00edntomas asociados al sobrecrecimiento microbiano intestinal, como flatulencias, meteorismo, distensi\u00f3n y\/o dolor abdominal, etc<em>. <\/em><\/p>\n<p><span style=\"color: #004687;\"><strong>Cada envase contiene:<\/strong><\/span><\/p>\n<ul>\n<li>1 sobre de lactitol monohidrato (10 g).<\/li>\n<li>12 tubos de vidrio: 1 para la recogida de muestra BASAL y 11 para la recogida de muestras POST.<\/li>\n<li>2 tubos flexibles.<\/li>\n<li>Etiquetas identificativas.<\/li>\n<li>Instrucciones de uso.<\/li>\n<\/ul>\n<p><strong>N\u00ba de registro:<\/strong> DM-DIV4245-E<\/p>\n<\/div><div class=\"fusion-clearfix\"><\/div><\/div><\/div><\/div><\/div><div class=\"fusion-fullwidth fullwidth-box fusion-builder-row-2 protocolo nonhundred-percent-fullwidth non-hundred-percent-height-scrolling\" style=\"background-color: rgba(255,255,255,0);background-position: center center;background-repeat: no-repeat;padding-top:0px;padding-right:0px;padding-bottom:0px;padding-left:0px;margin-bottom: 0px;margin-top: 0px;border-width: 0px 0px 0px 0px;border-color:#e2e2e2;border-style:solid;\" ><div class=\"fusion-builder-row fusion-row\"><div class=\"fusion-layout-column fusion_builder_column fusion-builder-column-2 fusion_builder_column_1_1 1_1 fusion-one-full fusion-column-first fusion-column-last\" style=\"margin-top:0px;margin-bottom:20px;\"><div class=\"fusion-column-wrapper fusion-flex-column-wrapper-legacy\" style=\"background-position:left top;background-repeat:no-repeat;-webkit-background-size:cover;-moz-background-size:cover;-o-background-size:cover;background-size:cover;padding: 0px 0px 0px 0px;\"><div class=\"fusion-text fusion-text-3 ficha-producto-mas-info\"><h3 style=\"text-align: center;\">Protocolo de uso<\/h3>\n<\/div><div id=\"video_show\" style=\"display:block;text-align:center\"><img decoding=\"async\" src=\"https:\/\/isomed.com\/wp-content\/uploads\/2021\/04\/play_video.jpg\" width=\"720px\" height=\"300\"><\/div>\n<\/div>\n<div id=\"video_hide\" style=\"display:none;text-align:center\"><iframe src=\"https:\/\/www.youtube.com\/embed\/HfbeODJD90Q\" width=\"720px\" height=\"300\" frameborder=\"0\" allowfullscreen=\"allowfullscreen\"><\/iframe><\/div>\n<\/div>\n<div style=\"text-align:center;font-size:18px;font-weight:bold\"><input type=\"checkbox\" id=\"cbox1\" value=\"first_checkbox\" onChange=\"showvideo()\"> Soy profesional de la salud y deseo acceder a la informaci\u00f3n contenida en esta p\u00e1gina<\/div>\n<br><br><br>\n<script>\nfunction showvideo() {\n  var x = document.getElementById(\"video_hide\");\n  var y = document.getElementById(\"video_show\");\n  if (x.style.display === \"none\") {\n    x.style.display = \"block\";\n    y.style.display = \"none\";\n  } else {\n    y.style.display = \"block\";\n    x.style.display = \"none\";\n  }\n} <\/script><div class=\"fusion-clearfix\"><\/div><\/div><\/div><\/div><\/div><\/p>\n","protected":false},"excerpt":{"rendered":"","protected":false},"author":7,"featured_media":0,"parent":112,"menu_order":0,"comment_status":"closed","ping_status":"closed","template":"","meta":{"footnotes":""},"class_list":["post-1223","page","type-page","status-publish","hentry"],"_links":{"self":[{"href":"https:\/\/isomed.com\/peru\/wp-json\/wp\/v2\/pages\/1223","targetHints":{"allow":["GET"]}}],"collection":[{"href":"https:\/\/isomed.com\/peru\/wp-json\/wp\/v2\/pages"}],"about":[{"href":"https:\/\/isomed.com\/peru\/wp-json\/wp\/v2\/types\/page"}],"author":[{"embeddable":true,"href":"https:\/\/isomed.com\/peru\/wp-json\/wp\/v2\/users\/7"}],"replies":[{"embeddable":true,"href":"https:\/\/isomed.com\/peru\/wp-json\/wp\/v2\/comments?post=1223"}],"version-history":[{"count":3,"href":"https:\/\/isomed.com\/peru\/wp-json\/wp\/v2\/pages\/1223\/revisions"}],"predecessor-version":[{"id":6191,"href":"https:\/\/isomed.com\/peru\/wp-json\/wp\/v2\/pages\/1223\/revisions\/6191"}],"up":[{"embeddable":true,"href":"https:\/\/isomed.com\/peru\/wp-json\/wp\/v2\/pages\/112"}],"wp:attachment":[{"href":"https:\/\/isomed.com\/peru\/wp-json\/wp\/v2\/media?parent=1223"}],"curies":[{"name":"wp","href":"https:\/\/api.w.org\/{rel}","templated":true}]}}